{"id":64,"date":"2020-05-09T02:59:41","date_gmt":"2020-05-09T02:59:41","guid":{"rendered":"https:\/\/programapuntodeventa.com.mx\/tienda\/?post_type=product&#038;p=64"},"modified":"2025-08-30T01:14:06","modified_gmt":"2025-08-30T01:14:06","slug":"ghia-mini-printer-termica-58mm-gtp58b1","status":"publish","type":"product","link":"https:\/\/programapuntodeventa.com.mx\/tienda\/producto\/ghia-mini-printer-termica-58mm-gtp58b1\/","title":{"rendered":"GHIA Mini Printer Termica 58mm GTP58B1"},"content":{"rendered":"<div class=\"col col-12 col-sm-12 col-md-5 select-plantilla-description\">\n<div class=\"box-wrap-description\">Miniprinter termica ghia basica\/\/economica negra 58mm, usb<\/div>\n<\/div>\n<div class=\"wrap-image-large d-flex align-items-center justify-content-md-center\"><\/div>\n<div>\n<section id=\"informacion-comercial\" class=\"plantilla-informacion-comercial\">\n<div class=\"container\">\n<div class=\"row mx-auto d-flex align-items-center justify-content-md-center\">\n<div class=\"col col-12 col-sm-12 col-md-11 select-plantilla-informacion-comercial\">\n<div class=\"box-wrap-informacion-comercial-descripcion\">Miniprinter t\u00e9rmica compacta ghia de 58 mil\u00edmetros con conexi\u00f3n usb. sensores de detecci\u00f3n de papel y cubierta abierta. puede imprimir gr\u00e1ficos peque\u00f1os como logotipos.<\/div>\n<\/div>\n<\/div>\n<\/div>\n<\/section>\n<section id=\"informacion-tecnica\" class=\"plantilla-get-plantilla\">\n<div class=\"container\">\n<div class=\"row mx-auto d-flex align-items-center justify-content-md-center\">\n<div class=\"col col-12 col-sm-12 col-md-10 select-plantilla-informacion-tecnica\"><\/div>\n<\/div>\n<\/div>\n<\/section>\n<\/div>\n","protected":false},"excerpt":{"rendered":"<p>Miniprinter termica ghia basica\/\/economica negra 58mm, usb Miniprinter t\u00e9rmica compacta ghia de 58 mil\u00edmetros con conexi\u00f3n usb. sensores de detecci\u00f3n de papel y cubierta abierta. puede imprimir gr\u00e1ficos peque\u00f1os como logotipos.<\/p>\n","protected":false},"featured_media":65,"comment_status":"open","ping_status":"closed","template":"","meta":[],"product_brand":[],"product_cat":[16],"product_tag":[30,33,31,32],"class_list":{"0":"post-64","1":"product","2":"type-product","3":"status-publish","4":"has-post-thumbnail","6":"product_cat-impresora-punto-de-venta","7":"product_tag-impresora-de-tickets","8":"product_tag-impresora-punto-de-venta","9":"product_tag-miniprinter","10":"product_tag-pos-printer","12":"first","13":"instock","14":"taxable","15":"shipping-taxable","16":"purchasable","17":"product-type-simple"},"_links":{"self":[{"href":"https:\/\/programapuntodeventa.com.mx\/tienda\/wp-json\/wp\/v2\/product\/64","targetHints":{"allow":["GET"]}}],"collection":[{"href":"https:\/\/programapuntodeventa.com.mx\/tienda\/wp-json\/wp\/v2\/product"}],"about":[{"href":"https:\/\/programapuntodeventa.com.mx\/tienda\/wp-json\/wp\/v2\/types\/product"}],"replies":[{"embeddable":true,"href":"https:\/\/programapuntodeventa.com.mx\/tienda\/wp-json\/wp\/v2\/comments?post=64"}],"wp:featuredmedia":[{"embeddable":true,"href":"https:\/\/programapuntodeventa.com.mx\/tienda\/wp-json\/wp\/v2\/media\/65"}],"wp:attachment":[{"href":"https:\/\/programapuntodeventa.com.mx\/tienda\/wp-json\/wp\/v2\/media?parent=64"}],"wp:term":[{"taxonomy":"product_brand","embeddable":true,"href":"https:\/\/programapuntodeventa.com.mx\/tienda\/wp-json\/wp\/v2\/product_brand?post=64"},{"taxonomy":"product_cat","embeddable":true,"href":"https:\/\/programapuntodeventa.com.mx\/tienda\/wp-json\/wp\/v2\/product_cat?post=64"},{"taxonomy":"product_tag","embeddable":true,"href":"https:\/\/programapuntodeventa.com.mx\/tienda\/wp-json\/wp\/v2\/product_tag?post=64"}],"curies":[{"name":"wp","href":"https:\/\/api.w.org\/{rel}","templated":true}]}}